{"id":58,"date":"2025-03-19T08:59:15","date_gmt":"2025-03-19T07:59:15","guid":{"rendered":"https:\/\/eeses.org\/?page_id=58"},"modified":"2026-02-02T15:06:51","modified_gmt":"2026-02-02T14:06:51","slug":"colloques-etes","status":"publish","type":"page","link":"https:\/\/eeses.org\/?page_id=58","title":{"rendered":"Le colloque-\u00e9cole"},"content":{"rendered":"\n<p>Depuis 2023, le  colloque <strong>Enseigner les Transitions \u00c9cologiques et Sociales dans le Sup\u00e9rieur (ETES)<\/strong> se veut un lieu d&rsquo;\u00e9change et de partage : il s&rsquo;adresse \u00e0 l&rsquo;ensemble des personnes qui enseignent, qui souhaitent enseigner ou qui s&rsquo;int\u00e9ressent \u00e0 l\u2019enseignement des transitions et de leurs enjeux dans le sup\u00e9rieur. <\/p>\n\n\n\n<ul class=\"wp-block-list\">\n<li>L&rsquo;<a href=\"https:\/\/etes2023.sciencesconf.org\/\" data-type=\"link\" data-id=\"https:\/\/etes2023.sciencesconf.org\/\">\u00e9dition 2023 a eu lieu \u00e0 Paris <\/a>; <\/li>\n\n\n\n<li>le <a href=\"https:\/\/etes2024.sciencesconf.org\/\">deuxi\u00e8me a eu lieu en 2024 \u00e0 Bordeaux<\/a> ; <\/li>\n\n\n\n<li>la troisi\u00e8me \u00e9dition a eu lieu les 7, 8 et 9 juillet 2025 \u00e0 Lyon : <a href=\"https:\/\/etes2025.sciencesconf.org\/\">https:\/\/etes2025.sciencesconf.org<\/a>.<\/li>\n<\/ul>\n\n\n\n<p>Pour sa 4<sup>e<\/sup> \u00e9dition le colloque ETES (<em>Enseigner les Transitions \u00c9cologiques et Sociales<\/em>)\u00a0fusionne avec l&rsquo;\u00c9cole ENVI (<em><a href=\"https:\/\/enseigner-envi.sciencesconf.org\/\">Enjeux socio-environnementaux : les enseigner dans le Sup\u00e9rieur\u00a0\u2014 Strasbourg 2024<\/a><\/em>) et devient le\u00a0Colloque EESES.<\/p>\n\n\n\n<p>Le nouveau format de ce&nbsp;<strong>Colloque EESES<\/strong>&nbsp;se d\u00e9roulera \u00e0&nbsp;<strong>Montpellier<\/strong>&nbsp;sur 5 jours,&nbsp;du&nbsp;<strong>6 au&nbsp;10 juillet 2026<\/strong>.<\/p>\n\n\n\n<p>Vous pouvez r\u00e9server ces dates dans vos agendas, nous reviendrons prochainement vers vous pour l&rsquo;appel \u00e0 communications.<\/p>\n","protected":false},"excerpt":{"rendered":"<p>Depuis 2023, le colloque Enseigner les Transitions \u00c9cologiques et Sociales dans le Sup\u00e9rieur (ETES) se veut un lieu d&rsquo;\u00e9change et de partage : il s&rsquo;adresse \u00e0 l&rsquo;ensemble des personnes qui enseignent, qui souhaitent enseigner ou qui s&rsquo;int\u00e9ressent \u00e0 l\u2019enseignement des transitions et de leurs enjeux dans le sup\u00e9rieur. Pour sa 4e \u00e9dition le colloque ETES [&hellip;]<\/p>\n","protected":false},"author":2,"featured_media":0,"parent":0,"menu_order":0,"comment_status":"closed","ping_status":"closed","template":"","meta":{"footnotes":""},"class_list":["post-58","page","type-page","status-publish","hentry"],"_links":{"self":[{"href":"https:\/\/eeses.org\/index.php?rest_route=\/wp\/v2\/pages\/58","targetHints":{"allow":["GET"]}}],"collection":[{"href":"https:\/\/eeses.org\/index.php?rest_route=\/wp\/v2\/pages"}],"about":[{"href":"https:\/\/eeses.org\/index.php?rest_route=\/wp\/v2\/types\/page"}],"author":[{"embeddable":true,"href":"https:\/\/eeses.org\/index.php?rest_route=\/wp\/v2\/users\/2"}],"replies":[{"embeddable":true,"href":"https:\/\/eeses.org\/index.php?rest_route=%2Fwp%2Fv2%2Fcomments&post=58"}],"version-history":[{"count":4,"href":"https:\/\/eeses.org\/index.php?rest_route=\/wp\/v2\/pages\/58\/revisions"}],"predecessor-version":[{"id":173,"href":"https:\/\/eeses.org\/index.php?rest_route=\/wp\/v2\/pages\/58\/revisions\/173"}],"wp:attachment":[{"href":"https:\/\/eeses.org\/index.php?rest_route=%2Fwp%2Fv2%2Fmedia&parent=58"}],"curies":[{"name":"wp","href":"https:\/\/api.w.org\/{rel}","templated":true}]}}