{"id":50,"date":"2025-03-12T09:40:48","date_gmt":"2025-03-12T08:40:48","guid":{"rendered":"https:\/\/eeses.org\/?page_id=50"},"modified":"2025-06-05T19:14:30","modified_gmt":"2025-06-05T17:14:30","slug":"listes-de-diffusion","status":"publish","type":"page","link":"https:\/\/eeses.org\/?page_id=50","title":{"rendered":"Listes de diffusion"},"content":{"rendered":"\n<p>Plusieurs listes de diffusion sont disponibles. Pour envoyer un message \u00e0 une liste : nom_de_la_liste@le-pic.org.<\/p>\n\n\n\n<p>Vous devez \u00eatre abonn\u00e9\u00b7e \u00e0 la liste pour poster dessus, si vous ne l&rsquo;\u00eates pas, un\u00b7e mod\u00e9rateur\u00b7ice v\u00e9rifiera votre message avant de le faire suivre (l&rsquo;objectif est d&rsquo;\u00e9viter les spams).<\/p>\n\n\n\n<p><strong>eeses-adherents<\/strong> : uniquement pour les adh\u00e9rent\u00b7es \u00e0 l&rsquo;association<\/p>\n\n\n\n<hr class=\"wp-block-separator has-alpha-channel-opacity\"\/>\n\n\n\n<p>Les deux listes suivantes s&rsquo;adressent \u00e0 la communaut\u00e9 ESE \u00ab large \u00bb, plus de 300 abonn\u00e9\u00b7es. Il est inutile de poster sur les deux listes, il faut choisir l&rsquo;une ou l&rsquo;autre en fonction de la teneur du message \u00e0 envoyer !<\/p>\n\n\n\n<p><strong>eeses-infos<\/strong> : pour le partage d\u2019informations li\u00e9es \u00e0 la communaut\u00e9 EESES. Pour s\u2019abonner :&nbsp;<a href=\"https:\/\/sympa.le-pic.org\/sympa\/subscribe\/eeses-infos\" target=\"_blank\" rel=\"noreferrer noopener\">https:\/\/sympa.le-pic.org\/sympa\/subscribe\/eeses-infos<\/a> (l&rsquo;abonnement est mod\u00e9r\u00e9). <\/p>\n\n\n\n<p><strong>eeses-forum<\/strong> : pour poser des questions, r\u00e9pondre, discuter au sein de la communaut\u00e9 EESES.  Pour s\u2019abonner :&nbsp;<a href=\"https:\/\/sympa.le-pic.org\/sympa\/subscribe\/eeses-forum\" target=\"_blank\" rel=\"noreferrer noopener\">https:\/\/sympa.le-pic.org\/sympa\/subscribe\/eeses-forum<\/a> (l&rsquo;abonnement est mod\u00e9r\u00e9). <\/p>\n\n\n\n<p><\/p>\n","protected":false},"excerpt":{"rendered":"<p>Plusieurs listes de diffusion sont disponibles. Pour envoyer un message \u00e0 une liste : nom_de_la_liste@le-pic.org. Vous devez \u00eatre abonn\u00e9\u00b7e \u00e0 la liste pour poster dessus, si vous ne l&rsquo;\u00eates pas, un\u00b7e mod\u00e9rateur\u00b7ice v\u00e9rifiera votre message avant de le faire suivre (l&rsquo;objectif est d&rsquo;\u00e9viter les spams). eeses-adherents : uniquement pour les adh\u00e9rent\u00b7es \u00e0 l&rsquo;association Les deux [&hellip;]<\/p>\n","protected":false},"author":2,"featured_media":0,"parent":0,"menu_order":0,"comment_status":"closed","ping_status":"closed","template":"","meta":{"footnotes":""},"class_list":["post-50","page","type-page","status-publish","hentry"],"_links":{"self":[{"href":"https:\/\/eeses.org\/index.php?rest_route=\/wp\/v2\/pages\/50","targetHints":{"allow":["GET"]}}],"collection":[{"href":"https:\/\/eeses.org\/index.php?rest_route=\/wp\/v2\/pages"}],"about":[{"href":"https:\/\/eeses.org\/index.php?rest_route=\/wp\/v2\/types\/page"}],"author":[{"embeddable":true,"href":"https:\/\/eeses.org\/index.php?rest_route=\/wp\/v2\/users\/2"}],"replies":[{"embeddable":true,"href":"https:\/\/eeses.org\/index.php?rest_route=%2Fwp%2Fv2%2Fcomments&post=50"}],"version-history":[{"count":4,"href":"https:\/\/eeses.org\/index.php?rest_route=\/wp\/v2\/pages\/50\/revisions"}],"predecessor-version":[{"id":96,"href":"https:\/\/eeses.org\/index.php?rest_route=\/wp\/v2\/pages\/50\/revisions\/96"}],"wp:attachment":[{"href":"https:\/\/eeses.org\/index.php?rest_route=%2Fwp%2Fv2%2Fmedia&parent=50"}],"curies":[{"name":"wp","href":"https:\/\/api.w.org\/{rel}","templated":true}]}}