{"id":48,"date":"2025-03-12T09:51:47","date_gmt":"2025-03-12T08:51:47","guid":{"rendered":"https:\/\/eeses.org\/?page_id=48"},"modified":"2026-01-05T16:16:34","modified_gmt":"2026-01-05T15:16:34","slug":"ressources","status":"publish","type":"page","link":"https:\/\/eeses.org\/?page_id=48","title":{"rendered":"Ressources"},"content":{"rendered":"\n<p>Cette page met \u00e0 disposition des <strong>ressources \u00e9labor\u00e9es par des membres de l&rsquo;association<\/strong>&nbsp;:<\/p>\n\n\n\n<ul class=\"wp-block-list\">\n<li>Un <strong>recueil de cours universitaires<\/strong> (<a href=\"https:\/\/eeses.org\/wp-content\/uploads\/2025\/06\/Recueil_cours_GT_Enseignement_Labo_1_5-1.pdf\">PDF, mise \u00e0 jour 25 novembre 2025<\/a>) disponibles sur les sujets socio-\u00e9cologiques&nbsp;: structur\u00e9 par th\u00e8mes, il donne pour chaque cours r\u00e9pertori\u00e9 une fiche descriptive fournie par son autrice ou auteur et un lien vers la ressource (diaporama, fichier pdf&#8230;). Mise \u00e0 jour r\u00e9guli\u00e8re. <em>R\u00e9alisation&nbsp;<\/em>: Romain Jarrier. (Disponible aussi ici : <a href=\"https:\/\/dropsu.sorbonne-universite.fr\/s\/9G2wmspCB4mwQ5j\">https:\/\/dropsu.sorbonne-universite.fr\/s\/9G2wmspCB4mwQ5j<\/a>.)<\/li>\n\n\n\n<li>Un <strong>recueil d\u2019exercices<\/strong> (<a href=\"https:\/\/eeses.org\/wp-content\/uploads\/2025\/06\/exos-ese.pdf\">PDF, mise \u00e0 jour 20 juin 2025<\/a>). Ils sont de difficult\u00e9, longueur, discipline vari\u00e9es. La version du 20 juin 2025 contient 50 exercices essentiellement pour et par des physiciens. <em>R\u00e9alisation&nbsp;<\/em>: des enseignants de l\u2019\u00e9quipe <em>Enseignement <\/em>de Labos1point5 et de l&rsquo;association EESES&nbsp;; actuellement Guillaume Blanc, David Boilley, Christophe Coillot, Romain Jarrier, K\u00e9vin Jean et Roland Lehoucq.<\/li>\n\n\n\n<li>Une <strong>bibliographie comment\u00e9e<\/strong> (<a href=\"https:\/\/eeses.org\/wp-content\/uploads\/2025\/11\/bibliographie_commentee_collaborative_EESES.pdf\">PDF, mise \u00e0 jour 5 janvier 2026<\/a>) sur les sujets socio-environnementaux\u00a0: livres, articles, rapports, sites internet, ressources audio ou vid\u00e9o, comptes sur des r\u00e9seaux sociaux, structures associatives ou soci\u00e9t\u00e9s savantes <em>etc<\/em>. Structur\u00e9e par th\u00e8mes. <em>R\u00e9alisation\u00a0<\/em>: Charles Boubel, puis compl\u00e9tion collaborative. Licence <a href=\"https:\/\/fr.wikipedia.org\/wiki\/Licence_Creative_Commons#BY-NC-SA\">CC BY-NC-SA<\/a>.<\/li>\n<\/ul>\n\n\n\n<p>Ci-dessous ces ressources visibles en ligne.<\/p>\n\n\n\n<ul class=\"wp-block-list\">\n<li><strong>Recueil de cours<\/strong><\/li>\n<\/ul>\n\n\n\n<div data-wp-interactive=\"core\/file\" class=\"wp-block-file\"><object data-wp-bind--hidden=\"!state.hasPdfPreview\" hidden class=\"wp-block-file__embed\" data=\"https:\/\/eeses.org\/wp-content\/uploads\/2025\/11\/Recueil_cours_GT_Enseignement_Labo_1_5-2.pdf\" type=\"application\/pdf\" style=\"width:100%;height:600px\" aria-label=\"Contenu embarqu\u00e9 Recueil_cours_GT_Enseignement_Labo_1_5-2.\"><\/object><a id=\"wp-block-file--media-729aff9a-de87-48cb-9c5a-59465adf96b3\" href=\"https:\/\/eeses.org\/wp-content\/uploads\/2025\/11\/Recueil_cours_GT_Enseignement_Labo_1_5-2.pdf\">Recueil_cours_GT_Enseignement_Labo_1_5-2<\/a><a href=\"https:\/\/eeses.org\/wp-content\/uploads\/2025\/11\/Recueil_cours_GT_Enseignement_Labo_1_5-2.pdf\" class=\"wp-block-file__button wp-element-button\" download aria-describedby=\"wp-block-file--media-729aff9a-de87-48cb-9c5a-59465adf96b3\">T\u00e9l\u00e9charger<\/a><\/div>\n\n\n\n<ul class=\"wp-block-list\">\n<li><strong>Exercices <\/strong><\/li>\n<\/ul>\n\n\n\n<div data-wp-interactive=\"core\/file\" class=\"wp-block-file\"><object data-wp-bind--hidden=\"!state.hasPdfPreview\" hidden class=\"wp-block-file__embed\" data=\"https:\/\/eeses.org\/wp-content\/uploads\/2025\/06\/exos-ese.pdf\" type=\"application\/pdf\" style=\"width:100%;height:600px\" aria-label=\"Contenu embarqu\u00e9 exos-ese.\"><\/object><a id=\"wp-block-file--media-b800f19f-44ad-49a2-97ef-e87974857c94\" href=\"https:\/\/eeses.org\/wp-content\/uploads\/2025\/06\/exos-ese.pdf\">exos-ese<\/a><a href=\"https:\/\/eeses.org\/wp-content\/uploads\/2025\/06\/exos-ese.pdf\" class=\"wp-block-file__button wp-element-button\" download aria-describedby=\"wp-block-file--media-b800f19f-44ad-49a2-97ef-e87974857c94\">T\u00e9l\u00e9charger<\/a><\/div>\n\n\n\n<ul class=\"wp-block-list\">\n<li><strong>Bibliographie comment\u00e9e<\/strong><\/li>\n<\/ul>\n\n\n\n<div data-wp-interactive=\"core\/file\" class=\"wp-block-file\"><object data-wp-bind--hidden=\"!state.hasPdfPreview\" hidden class=\"wp-block-file__embed\" data=\"https:\/\/eeses.org\/wp-content\/uploads\/2025\/11\/bibliographie_commentee_collaborative_EESES.pdf\" type=\"application\/pdf\" style=\"width:100%;height:600px\" aria-label=\"Contenu embarqu\u00e9 bibliographie_comment\u00e9e_collaborative_EESES.\"><\/object><a id=\"wp-block-file--media-26ba8060-3c35-4f02-adb2-ea724cffecf1\" href=\"https:\/\/eeses.org\/wp-content\/uploads\/2025\/11\/bibliographie_commentee_collaborative_EESES.pdf\">bibliographie_comment\u00e9e_collaborative_EESES<\/a><a href=\"https:\/\/eeses.org\/wp-content\/uploads\/2025\/11\/bibliographie_commentee_collaborative_EESES.pdf\" class=\"wp-block-file__button wp-element-button\" download aria-describedby=\"wp-block-file--media-26ba8060-3c35-4f02-adb2-ea724cffecf1\">T\u00e9l\u00e9charger<\/a><\/div>\n","protected":false},"excerpt":{"rendered":"<p>Cette page met \u00e0 disposition des ressources \u00e9labor\u00e9es par des membres de l&rsquo;association&nbsp;: Ci-dessous ces ressources visibles en ligne.<\/p>\n","protected":false},"author":2,"featured_media":0,"parent":0,"menu_order":0,"comment_status":"closed","ping_status":"closed","template":"","meta":{"footnotes":""},"class_list":["post-48","page","type-page","status-publish","hentry"],"_links":{"self":[{"href":"https:\/\/eeses.org\/index.php?rest_route=\/wp\/v2\/pages\/48","targetHints":{"allow":["GET"]}}],"collection":[{"href":"https:\/\/eeses.org\/index.php?rest_route=\/wp\/v2\/pages"}],"about":[{"href":"https:\/\/eeses.org\/index.php?rest_route=\/wp\/v2\/types\/page"}],"author":[{"embeddable":true,"href":"https:\/\/eeses.org\/index.php?rest_route=\/wp\/v2\/users\/2"}],"replies":[{"embeddable":true,"href":"https:\/\/eeses.org\/index.php?rest_route=%2Fwp%2Fv2%2Fcomments&post=48"}],"version-history":[{"count":16,"href":"https:\/\/eeses.org\/index.php?rest_route=\/wp\/v2\/pages\/48\/revisions"}],"predecessor-version":[{"id":163,"href":"https:\/\/eeses.org\/index.php?rest_route=\/wp\/v2\/pages\/48\/revisions\/163"}],"wp:attachment":[{"href":"https:\/\/eeses.org\/index.php?rest_route=%2Fwp%2Fv2%2Fmedia&parent=48"}],"curies":[{"name":"wp","href":"https:\/\/api.w.org\/{rel}","templated":true}]}}