{"id":102,"date":"2025-07-16T21:36:44","date_gmt":"2025-07-16T19:36:44","guid":{"rendered":"https:\/\/eeses.org\/?page_id=102"},"modified":"2025-09-10T11:46:59","modified_gmt":"2025-09-10T09:46:59","slug":"integration-disciplinaire","status":"publish","type":"page","link":"https:\/\/eeses.org\/?page_id=102","title":{"rendered":"Int\u00e9gration disciplinaire"},"content":{"rendered":"\n<p>L&rsquo;enseignement des enjeux socio-\u00e9cologiques n\u00e9cessite, outre des enseignements d\u00e9di\u00e9s aux aspects syst\u00e9miques des crises en cours, des liens avec les disciplines enseign\u00e9es pour assurer une coh\u00e9rence d&rsquo;ensemble des formations. <\/p>\n\n\n\n<p>Cette int\u00e9gration \u00ab disciplinaire \u00bb peut se faire quelle que soit la discipline. <\/p>\n\n\n\n<p>Une premi\u00e8re fiche, pour la physique, propose quelques pistes pour r\u00e9ussir cela : <\/p>\n\n\n\n<div data-wp-interactive=\"core\/file\" class=\"wp-block-file\"><object data-wp-bind--hidden=\"!state.hasPdfPreview\" hidden class=\"wp-block-file__embed\" data=\"https:\/\/eeses.org\/wp-content\/uploads\/2025\/09\/Fiche-physique_V2.pdf\" type=\"application\/pdf\" style=\"width:100%;height:600px\" aria-label=\"Contenu embarqu\u00e9 Fiche-physique_V2.\"><\/object><a id=\"wp-block-file--media-4170122c-242d-4de3-aa43-77b7fade5bbe\" href=\"https:\/\/eeses.org\/wp-content\/uploads\/2025\/09\/Fiche-physique_V2.pdf\">Fiche-physique_V2<\/a><a href=\"https:\/\/eeses.org\/wp-content\/uploads\/2025\/09\/Fiche-physique_V2.pdf\" class=\"wp-block-file__button wp-element-button\" download aria-describedby=\"wp-block-file--media-4170122c-242d-4de3-aa43-77b7fade5bbe\">T\u00e9l\u00e9charger<\/a><\/div>\n\n\n\n<p><\/p>\n","protected":false},"excerpt":{"rendered":"<p>L&rsquo;enseignement des enjeux socio-\u00e9cologiques n\u00e9cessite, outre des enseignements d\u00e9di\u00e9s aux aspects syst\u00e9miques des crises en cours, des liens avec les disciplines enseign\u00e9es pour assurer une coh\u00e9rence d&rsquo;ensemble des formations. Cette int\u00e9gration \u00ab disciplinaire \u00bb peut se faire quelle que soit la discipline. Une premi\u00e8re fiche, pour la physique, propose quelques pistes pour r\u00e9ussir cela :<\/p>\n","protected":false},"author":2,"featured_media":0,"parent":0,"menu_order":0,"comment_status":"closed","ping_status":"closed","template":"","meta":{"footnotes":""},"class_list":["post-102","page","type-page","status-publish","hentry"],"_links":{"self":[{"href":"https:\/\/eeses.org\/index.php?rest_route=\/wp\/v2\/pages\/102","targetHints":{"allow":["GET"]}}],"collection":[{"href":"https:\/\/eeses.org\/index.php?rest_route=\/wp\/v2\/pages"}],"about":[{"href":"https:\/\/eeses.org\/index.php?rest_route=\/wp\/v2\/types\/page"}],"author":[{"embeddable":true,"href":"https:\/\/eeses.org\/index.php?rest_route=\/wp\/v2\/users\/2"}],"replies":[{"embeddable":true,"href":"https:\/\/eeses.org\/index.php?rest_route=%2Fwp%2Fv2%2Fcomments&post=102"}],"version-history":[{"count":4,"href":"https:\/\/eeses.org\/index.php?rest_route=\/wp\/v2\/pages\/102\/revisions"}],"predecessor-version":[{"id":110,"href":"https:\/\/eeses.org\/index.php?rest_route=\/wp\/v2\/pages\/102\/revisions\/110"}],"wp:attachment":[{"href":"https:\/\/eeses.org\/index.php?rest_route=%2Fwp%2Fv2%2Fmedia&parent=102"}],"curies":[{"name":"wp","href":"https:\/\/api.w.org\/{rel}","templated":true}]}}